{"id":5,"date":"2021-05-14T00:20:30","date_gmt":"2021-05-14T00:20:30","guid":{"rendered":"https:\/\/auboutdufil.biz\/wp2\/?page_id=5"},"modified":"2022-04-27T20:14:49","modified_gmt":"2022-04-28T00:14:49","slug":"create-your-website-with-blocks","status":"publish","type":"page","link":"https:\/\/auboutdufil.biz\/wp2\/","title":{"rendered":"Cr\u00e9ation de site web"},"content":{"rendered":"<!-- Begin Mailchimp Signup Form -->\r\n<p><style type=\"text\/css\">\r\n\t#mc_embed_signup{background:#fff; clear:left; font:14px Helvetica,Arial,sans-serif;  width:600px;}\r\n\t\/* Add your own Mailchimp form style overrides in your site stylesheet or in this style block.\r\n\t   We recommend moving this block and the preceding CSS link to the HEAD of your HTML file. *\/\r\n<\/style><\/p>\r\n<div id=\"mc_embed_signup\">\u00a0<\/div>\r\n<p><script type='text\/javascript' src='\/\/s3.amazonaws.com\/downloads.mailchimp.com\/js\/mc-validate.js'><\/script><script type='text\/javascript'>(function($) {window.fnames = new Array(); window.ftypes = new Array();fnames[0]='EMAIL';ftypes[0]='email';fnames[1]='FNAME';ftypes[1]='text';fnames[2]='LNAME';ftypes[2]='text';}(jQuery));var $mcj = jQuery.noConflict(true);<\/script><\/p>\r\n<!--End mc_embed_signup-->\r\n\r\n\r\n<p>Sp\u00e9cialiste dans la cr\u00e9ation de sites web.<\/p>\r\n\r\n\r\n\r\n<div class=\"wp-block-spacer\" style=\"height: 49px;\" aria-hidden=\"true\">\u00a0<\/div>\r\n\r\n\r\n\r\n<h2 class=\"alignwide has-text-align-wide has-gigantic-font-size wp-block-heading\" style=\"line-height: 1.1; text-align: center;\">On peut aussi h\u00e9berger<\/h2>\r\n<p style=\"text-align: center;\"><a title=\"Tarifs\" href=\"https:\/\/auboutdufil.biz\/wp2\/index.php\/tarifs\/\" target=\"_blank\" rel=\"noopener\">Tarifs<\/a><\/p>\r\n\r\n\r\n\r\n<div class=\"wp-block-spacer\" style=\"height: 100px;\" aria-hidden=\"true\">\u00a0<\/div>\r\n","protected":false},"excerpt":{"rendered":"<p>\u00a0 Sp\u00e9cialiste dans la cr\u00e9ation de sites web. On peut aussi h\u00e9berger Tarifs<\/p>\n","protected":false},"author":1,"featured_media":0,"parent":0,"menu_order":0,"comment_status":"closed","ping_status":"closed","template":"","meta":{"_acf_changed":false,"_monsterinsights_skip_tracking":false,"_monsterinsights_sitenote_active":false,"_monsterinsights_sitenote_note":"","_monsterinsights_sitenote_category":0,"footnotes":""},"class_list":["post-5","page","type-page","status-publish","hentry"],"acf":[],"aioseo_notices":[],"_links":{"self":[{"href":"https:\/\/auboutdufil.biz\/wp2\/index.php\/wp-json\/wp\/v2\/pages\/5","targetHints":{"allow":["GET"]}}],"collection":[{"href":"https:\/\/auboutdufil.biz\/wp2\/index.php\/wp-json\/wp\/v2\/pages"}],"about":[{"href":"https:\/\/auboutdufil.biz\/wp2\/index.php\/wp-json\/wp\/v2\/types\/page"}],"author":[{"embeddable":true,"href":"https:\/\/auboutdufil.biz\/wp2\/index.php\/wp-json\/wp\/v2\/users\/1"}],"replies":[{"embeddable":true,"href":"https:\/\/auboutdufil.biz\/wp2\/index.php\/wp-json\/wp\/v2\/comments?post=5"}],"version-history":[{"count":21,"href":"https:\/\/auboutdufil.biz\/wp2\/index.php\/wp-json\/wp\/v2\/pages\/5\/revisions"}],"predecessor-version":[{"id":262,"href":"https:\/\/auboutdufil.biz\/wp2\/index.php\/wp-json\/wp\/v2\/pages\/5\/revisions\/262"}],"wp:attachment":[{"href":"https:\/\/auboutdufil.biz\/wp2\/index.php\/wp-json\/wp\/v2\/media?parent=5"}],"curies":[{"name":"wp","href":"https:\/\/api.w.org\/{rel}","templated":true}]}}